)/(-6)). Calculate the greatest common factor of 48 and f.
16
Let o be ((-18)/12)/(6/(-16)). Let j be 19 - o/16*-4. What is the greatest common divisor of 260 and j?
20
Let s(t) = 90*t**2 - 23*t - 9. Let o be s(-5). What is the greatest common divisor of o and 152?
76
Let l(r) = r - 2*r + 6*r**2 + 6*r**2 + 8*r**2. Let y be l(1). Let a = -244 - -263. Calculate the highest common divisor of a and y.
19
Suppose 2*i + 85 = -5*w, -3*w - 110 = 3*i + w. Let f be (-19975)/i - 1/(-6). Let r = f - 418. What is the greatest common divisor of 31 and r?
31
Let h(u) = -u**2 + 7*u - 2. Let z be h(3). Let f be (-311 - -31)*(-1)/2. Calculate the highest common divisor of f and z.
10
Let x(r) = -80*r - 446. Let d be x(-15). What is the highest common factor of d and 522?
58
Let s be 3 - ((-6)/21 - (-38)/(-14)). Let z be (-3 - 1254/(-16)) + s/(-16). What is the highest common divisor of z and 25?
25
Let r(s) = s**3 - 5*s**2 - 9*s + 81. Let j be r(6). What is the highest common divisor of 231 and j?
21
Suppose 12*d = 7*d + 10, -d = 4*z - 1882. What is the highest common divisor of z and 10?
10
Let q(a) = -a**3 + 50*a**2 - a + 73. Let j be q(49). What is the highest common divisor of j and 5?
5
Suppose 2*w - 594 = 5*z, -3*z - 3 = 3. Suppose -k + 3*b + 201 = 0, b + 657 = 5*k - w. Calculate the highest common factor of 126 and k.
63
Suppose -38*z + 9541 = -2999. Calculate the greatest common factor of z and 2409.
33
Suppose 2*r = 5*u + 4 + 9, 2*u = 2*r - 10. Let z(n) = 8*n - 96. Let g be z(11). Let h be (-62)/g - u/4. What is the greatest common divisor of 32 and h?
8
Let o be 2/2 + (-985)/(-5). Let h = -93 - -134. Let v = h - 19. What is the highest common factor of o and v?
22
Let t be (-2)/7 + (60/(-21))/4. Let a(n) = 15*n**2 + 3*n + 1. Let r be a(t). Let x = r + -11. What is the greatest common factor of x and 12?
2
Suppose 5*m + 191 = 2*k - 50, -4*k = 2*m - 446. Suppose -k*z = -105*z - 2560. Calculate the greatest common factor of 20 and z.
20
Suppose 0*g = 4*g + 2*q + 70, -5*q - 40 = g. Let u be 4*(-4)/24 - 190/g. What is the highest common factor of 4 and u?
4
Let v(x) = -x + 2. Let r be 0 + (-5 - (6 + -4)). Let d be v(r). What is the greatest common divisor of d and 144?
9
Let x be -48*8/(-80)*4*710/12. Calculate the greatest common factor of x and 80.
16
Let w = -269 - -271. Suppose -112 = -4*y - 2*r, w*r - 84 = -3*y + 5*r. What is the greatest common divisor of y and 70?
14
Let c be (13 - 8)*(-63595 + -5)/5. Let z be (-8)/68 - c/170. Calculate the highest common factor of z and 66.
22
Let x(v) = 31*v - 174. Let i be x(12). Let t be (i/(-5))/((-32)/160). What is the highest common divisor of t and 36?
18
Let y be ((-8)/18)/(11/(-10593)). What is the highest common divisor of 2889 and y?
107
Let z(b) = -b**2 - 94*b - 1815. Let u be z(-28). What is the highest common divisor of 165 and u?
33
Let k(r) = -r**3 - 12*r**2 - 16*r - 46. Let t be k(-11). Let n = t - -131. Calculate the highest common divisor of n and 60.
20
Suppose 4*q - 344 - 372 = -2*n, -1445 = -4*n + 5*q. Suppose 3*m = m - 24. Let g = 52 + m. Calculate the greatest common divisor of n and g.
40
Let x(z) = 63*z**2 - 113*z + 117. Let a be x(1). Calculate the greatest common divisor of a and 1541.
67
Let x be (-4218)/(-24) - (-36)/144. Calculate the greatest common factor of 572 and x.
44
Suppose 2*h + l = 9, -5*l = 2*h + 15 - 36. What is the greatest common divisor of h and 3996?
3
Let l be 1*(61 - -4) - (8 - 0). What is the greatest common factor of 247 and l?
19
Suppose 2*h = -122 - 228. Let c = h - -182. Calculate the highest common divisor of 217 and c.
7
Suppose -d + 5*x = 8, -d + 0*d - 4 = -3*x. Suppose -a - 3*z = -13, d*z = 5*a + 5*z - 77. What is the highest common divisor of a and 232?
8
Suppose -24 = -2*w + w. Let r be 12*((-12)/78 - (-45)/39). Let f = r - -12. Calculate the highest common factor of f and w.
24
Suppose 0 = -3*p - 5*v + 55, 7 = 5*v - 18. Let d(z) = -z**3 + 12*z**2 - 18*z - 9. Let t be d(p). Calculate the greatest common divisor of t and 473.
11
Let g be 306/21*(-49)/21*-51. What is the highest common divisor of 204 and g?
102
Let v = -3892 + 3912. Suppose 2*o + 48 - 128 = 0. What is the highest common divisor of v and o?
20
Suppose 3*y - 4*y = 5. Let l(s) = -45*s - 93. Let n be l(-2). Let m be (-26)/6*((n - y) + -5). Calculate the highest common factor of 13 and m.
13
Suppose -137*m = -4964 - 5852 - 692. Calculate the greatest common factor of 19194 and m.
42
Let r(n) = -n**3 - 6*n**2 + 11*n + 16. Suppose 5*c + 28 = 3*u, 0 = 19*c - 16*c - u + 20. Let z be r(c). Calculate the greatest common divisor of z and 56.
56
Let x = 195 - 96. Let a be (2 - (-1 + 16))*x/(-9). Let b be 4/(-26) - (-3597)/a. Calculate the greatest common factor of b and 200.
25
Suppose 19*t = 2*h + 17*t - 32, 7*h - 112 = 5*t. Calculate the greatest common factor of h and 2992.
16
Suppose -5*d - 376 + 11 = 0. Let v be 9/(-36) - d/4. Let r = 14 + 49. What is the highest common divisor of r and v?
9
Let q be (3/(45/6))/(12/90). Calculate the highest common divisor of 1134 and q.
3
Let j = 984 + -4269. Let p be 1/(-3*5/j). Let g = p - 120. Calculate the highest common factor of g and 11.
11
Let z(n) = -n**2 - 8*n - 65. Let k be z(-44). Let x be k/(-194)*1/((-2)/(-120)). Calculate the highest common factor of 51 and x.
51
Let j = -361 - -365. Suppose 3*w - 64 = -2*u, -j*u = -6*w + w + 70. Let z be (-56)/(-9) - (-4)/(-18). Calculate the greatest common factor of w and z.
6
Suppose 1382 - 10130 = -4*j + 5*s, -3*s = -j + 2180. What is the highest common factor of j and 64?
16
Let x(s) = -92*s + 1946. Let y be x(21). What is the highest common divisor of 14182 and y?
14
Let b be 3/(-6)*(-115 - -7). Let n(d) = -25*d - 27. Let j be n(-3). Calculate the greatest common factor of b and j.
6
Let y be ((35496/54)/58)/((-2)/(-192)). Calculate the greatest common factor of 1768 and y.
136
Let t(q) = 248*q**2 - 455*q - 1355. Let g be t(-3). What is the highest common factor of g and 590?
118
Let c be (9/(-18))/(0 - (-3)/(-114)). Let x = 30 - 26. Let a be 38/(x - (2 - 0)). Calculate the greatest common divisor of c and a.
19
Suppose -1180 + 200 = -14*s. What is the greatest common divisor of 994 and s?
14
Let x = -68950 - -68995. Let r(p) = 12*p**2 - 3*p. Let g be r(5). Calculate the greatest common factor of g and x.
15
Let h be 16/48*18 - -166. What is the highest common divisor of h and 731?
43
Let m(z) = 3*z**2 - 45*z + 10. Let y be m(15). Let i(d) = d**2 - 11*d + 27. Let w be i(y). Let f = 274 + -121. Calculate the greatest common divisor of w and f.
17
Let o = -14029 - -14077. What is the greatest common divisor of o and 12804?
12
Let r = 34 - -2. Suppose 3*t = 3*s + 36, t = 5*s + 45 - 21. Calculate the highest common factor of r and t.
9
Suppose -3*z + 2*z = -1. Let p(v) = 49*v**2 - 2*v - 1. Let h be p(z). Let b = h + -22. What is the greatest common divisor of 120 and b?
24
Let b be 24/5*(-25)/(-10). Let o be 5 + -1 - 48/b. Suppose -6*p - 57 + 213 = o. Calculate the greatest common divisor of p and 13.
13
Suppose n - 5*u + 48 = 115, -2*u = n - 46. Calculate the highest common factor of n and 78.
26
Let v = 521 + -436. Let u be ((-2)/3)/(38/(-3876)). What is the greatest common factor of v and u?
17
Suppose -1622 = 7*c - 11*c - 2*d, c = -3*d + 413. Let a = c + -395. Calculate the highest common divisor of 87 and a.
3
Suppose -122*u + 1719 = -5435 + 1542. Calculate the highest common factor of 2162 and u.
46
Suppose 0 = -2*d + 5*r + 9, -3*d - r - 3*r = -48. Suppose t = -d*t + 91. Calculate the highest common factor of t and 1.
1
Let k be 172/14 + (-4)/14. Let q = 7834 + -7534. What is the highest common factor of k and q?
12
Suppose 5*n - 62020 = -4*m, 2*m - 31378 = 5*n - 338. What is the greatest common divisor of m and 55?
55
Let v = -309 + 312. Suppose -v*s - 2*y = -72, -4*s + 76 = -12*y + 8*y. Suppose 4*t - 65 = -21. What is the greatest common factor of s and t?
11
Suppose 4*w - 54 = -5*p, 18 = 3*p + 2*w - 14. Suppose p*a + 1640 = 18*a. Calculate the highest common factor of 82 and a.
41
Let y be (53 - 41)*110/15. Calculate the highest common factor of 4312 and y.
88
Let y = -28592 + 53942. Calculate the highest common factor of 150 and y.
150
Let t(x) = -76*x - 212. Let a be t(-71). What is the greatest co